ime factors of 800635867?
3709, 215863
What are the prime factors of 298217971?
127, 383, 6131
What are the prime factors of 2479829789?
2479829789
What are the prime factors of 269488239?
3, 31, 71, 40813
What are the prime factors of 203001618?
2, 3, 4013, 8431
What are the prime factors of 160938753?
3, 71, 101, 7481
What are the prime factors of 774624227?
13, 17, 89, 39383
List the prime factors of 607158467.
31, 151, 129707
What are the prime factors of 212337257?
11, 151, 127837
What are the prime factors of 1171521696?
2, 3, 773, 15787
List the prime factors of 3890024976.
2, 3, 81042187
List the prime factors of 158243202.
2, 3, 13, 676253
What are the prime factors of 3495003552?
2, 3, 1348381
List the prime factors of 100780570.
2, 5, 11, 916187
What are the prime factors of 128521375?
5, 1009, 1019
List the prime factors of 78147539.
4759, 16421
List the prime factors of 53309008.
2, 17, 37, 5297
List the prime factors of 16524147.
3, 31, 177679
List the prime factors of 15082515.
3, 5, 7, 47881
List the prime factors of 1357997588.
2, 53, 6405649
What are the prime factors of 39701151?
3, 7, 23, 9133
List the prime factors of 2676338932.
2, 79, 8469427
What are the prime factors of 266623364?
2, 7, 179, 53197
List the prime factors of 322371688.
2, 43, 937127
List the prime factors of 4773410854.
2, 2386705427
List the prime factors of 947631695.
5, 29, 6535391
List the prime factors of 31471378.
2, 1033, 15233
List the prime factors of 948672154.
2, 474336077
What are the prime factors of 62199853?
62199853
What are the prime factors of 351335352?
2, 3, 14638973
What are the prime factors of 514751004?
2, 3, 4766213
List the prime factors of 235004069.
235004069
List the prime factors of 453819875.
5, 3630559
List the prime factors of 126558508.
2, 31639627
List the prime factors of 1111487395.
5, 8161, 27239
List the prime factors of 81434218.
2, 5851, 6959
List the prime factors of 88112523.
3, 1993, 14737
List the prime factors of 601257003.
3, 17, 43, 274171
What are the prime factors of 816663823?
12619, 64717
List the prime factors of 501559023.
3, 7, 23883763
List the prime factors of 713587178.
2, 356793589
What are the prime factors of 2266761093?
3, 755587031
What are the prime factors of 971698398?
2, 3, 11, 47, 313249
List the prime factors of 175476738.
2, 3, 29, 59, 17093
What are the prime factors of 567245323?
19, 83, 223, 1613
What are the prime factors of 1346670921?
3, 197, 2278631
What are the prime factors of 3768690250?
2, 5, 13, 1159597
What are the prime factors of 5681082914?
2, 13, 1021, 214009
List the prime factors of 19222064.
2, 1033, 1163
What are the prime factors of 233139329?
19, 349, 35159
What are the prime factors of 75349864?
2, 9418733
List the prime factors of 73667818.
2, 7, 293, 17959
What are the prime factors of 2552992928?
2, 367, 217387
What are the prime factors of 677234316?
2, 3, 11, 1811, 2833
What are the prime factors of 1146196033?
19, 1321, 45667
What are the prime factors of 183740591?
43, 4273037
List the prime factors of 462076.
2, 331, 349
List the prime factors of 4674341.
7, 733, 911
What are the prime factors of 64911498?
2, 3, 10818583
What are the prime factors of 106253842?
2, 17, 3125113
List the prime factors of 476274356.
2, 119068589
What are the prime factors of 1888344741?
3, 629448247
List the prime factors of 700871570.
2, 5, 7, 10012451
List the prime factors of 95039328.
2, 3, 113, 8761
What are the prime factors of 56666875?
5, 71, 1277
What are the prime factors of 2533023687?
3, 47, 317, 56671
What are the prime factors of 404035653?
3, 7, 71, 101, 2683
List the prime factors of 157243655.
5, 29, 163, 6653
List the prime factors of 65868483.
3, 29, 757109
List the prime factors of 2030952.
2, 3, 7, 11, 157
List the prime factors of 73128839.
7, 179, 58363
List the prime factors of 509911457.
11, 46355587
What are the prime factors of 1186182023?
13, 383, 238237
What are the prime factors of 1039995030?
2, 3, 5, 3947, 8783
What are the prime factors of 5291337?
3, 41, 43019
What are the prime factors of 1894105344?
2, 3, 151, 16333
What are the prime factors of 3435257572?
2, 858814393
List the prime factors of 1237134959.
14767, 83777
List the prime factors of 579341428.
2, 144835357
List the prime factors of 65962414.
2, 7, 17, 19, 29, 503
What are the prime factors of 2333981847?
3, 31, 4153, 6043
What are the prime factors of 146161849?
23, 487, 13049
List the prime factors of 6476361059.
7, 925194437
List the prime factors of 715949554.
2, 1447, 247391
What are the prime factors of 2619916487?
2619916487
List the prime factors of 88197954.
2, 3, 13, 179, 6317
What are the prime factors of 38881926?
2, 3, 947, 2281
List the prime factors of 2606180070.
2, 3, 5, 13, 17, 67, 5867
What are the prime factors of 1188427652?
2, 79, 173, 21739
List the prime factors of 6690494.
2, 3345247
List the prime factors of 106855143.
3, 41, 868741
List the prime factors of 18558804.
2, 3, 11, 59, 2383
What are the prime factors of 367840150?
2, 5, 23, 13907
List the prime factors of 215028125.
5, 13, 67, 79
List the prime factors of 497120169.
3, 7, 13, 1019, 1787
List the prime factors of 233986331.
233986331
What are the prime factors of 111262882?
2, 55631441
What are the prime factors of 127946964?
2, 3, 17, 627191
What are the prime factors of 94571417?
19, 4977443
What are the prime factors of 616231465?
5, 19, 6486647
What are the prime factors of 45011021?
11, 4091911
List the prime factors of 1048279271.
13, 80636867
What are the prime factors of 217303629?
3, 72434543
What are the prime factors of 619395948?
2, 3, 53, 73, 4447
List the prime factors of 358927669.
211, 1701079
List the prime factors of 2265292454.
2, 2269, 499183
List the prime factors of 117547582.
2, 58773791
What are the prime factors of 18641023?
2713, 6871
List the prime factors of 111704913.
3, 459691
What are the prime factors of 2020148032?
2, 7, 4509259
What are the prime factors of 1168142017?
7, 23839633
What are the prime factors of 5756231972?
2, 547, 2630819
What are the prime factors of 27106593?
3, 71, 127261
List the prime factors of 244044190.
2, 5, 13, 823, 2281
What are the prime factors of 106703885?
5, 21340777
What are the prime factors of 214618386?
2, 3, 29, 1233439
What are the prime factors of 3081529371?
3, 2003, 512819
What are the prime factors of 34406249?
17, 31, 65287
What are the prime factors of 1663945453?
113, 14725181
List the prime factors of 3580176534.
2, 3, 11, 2693, 20143
What are the prime factors of 219433786?
2, 11, 13, 109, 7039
List the prime factors of 5331611292.
2, 3, 7, 63471563
List the prime factors of 29552017.
11, 2686547
List the prime factors of 63735859.
11, 5794169
List the prime factors of 188116978.
2, 7, 274223
What are the prime factors of 8806470?
2, 3, 5, 23, 12763
List the prime factors of 4441646151.
3, 17, 79, 347, 353
List the prime factors of 104147260.
2, 5, 7, 367, 2027
What are the prime factors of 271212535?
5, 11, 397, 12421
What are the prime factors of 13949957?
7, 29, 9817
What are the prime factors of 333506551?
7, 149, 319757
List the prime factors of 301763899.
6679, 45181
What are the prime factors of 3536158085?
5, 181, 353, 11069
List the prime factors of 78393673.
239, 328007
What are the prime factors of 1100677503?
3, 1249, 293749
List the prime factors of 6236646807.
3, 103, 4211, 4793
What are the prime factors of 3071538177?
3, 103, 3119, 3187
What are the prime factors of 733137463?
439, 1670017
List the prime factors of 212105067.
3, 89, 229, 3469
List the prime factors of 557704848.
2, 3, 37, 241, 1303
What are the prime factors of 83051876?
2, 20762969
List the prime factors of 471042368.
2, 2027, 3631
List the prime factors of 4153398.
2, 3, 37, 53, 353
List the prime factors of 39874187.
1583, 25189
List the prime factors of 180371305.
5, 491, 73471
List the prime factors of 389686155.
3, 5, 17, 241, 373
List the prime factors of 10368245.
5, 2073649
What are the prime factors of 7441436?
2, 1860359
What are the prime factors of 1592785819?
33317, 47807
What are the prime factors of 471289716?
2, 3, 331, 39551
List the prime factors of 53275806.
2, 3, 109621
What are the prime factors of 218